{"id":10737,"date":"2026-03-17T13:53:16","date_gmt":"2026-03-17T13:53:16","guid":{"rendered":"https:\/\/www.kormoran.si\/kormoranw\/?post_type=product&#038;p=10737"},"modified":"2026-05-06T14:42:20","modified_gmt":"2026-05-06T12:42:20","slug":"krmilnik-carp-expert-basket-method-set","status":"publish","type":"product","link":"https:\/\/www.kormoran.si\/kormoranw\/?product=krmilnik-carp-expert-basket-method-set","title":{"rendered":"Krmilnik CARP EXPERT BASKET METHOD set"},"content":{"rendered":"<p><span dir=\"auto\" style=\"font-family: arial, helvetica, sans-serif; font-size: 12pt;\">Krmilnik za podajanje vabe za posebne metode lahko napolnite z enim samim gibom, tako da jo potisnete v kalup, napolnjen z vabo ali mikro peleti. Po vsakem ponovljenem postopku smo lahko prepri\u010dani, da bomo dobili pravilno obliko za dolge mete, poleg tega pa bomo na mesto ribolova dostavili enako koli\u010dino na ugriz.\u00a0<\/span><\/p>\n<p><span dir=\"auto\" style=\"font-family: arial, helvetica, sans-serif; font-size: 12pt;\">Ta paket vklju\u010duje 3 ko\u0161are razli\u010dnih velikosti, poleg tega pa \u0161e popolnoma poenostavljen podajalnik za stiskanje in orodje za polnjenje, ki ustreza vsem 3 ko\u0161aram, zato morate za izkori\u0161\u010danje tehnike izbrati le odli\u010dno me\u0161anico Method Mix za ribolov.<\/span><\/p>\n","protected":false},"excerpt":{"rendered":"<p><span style=\"font-family: arial, helvetica, sans-serif; font-size: 12pt;\">Vrsta: Method<\/span><br \/>\n<span style=\"font-family: arial, helvetica, sans-serif; font-size: 12pt;\">Te\u017ea: 15 g, 20 g, 30 g<\/span><br \/>\n<span style=\"font-family: arial, helvetica, sans-serif; font-size: 12pt;\">Material: svinec + plastika<\/span><br \/>\n<span style=\"font-family: arial, helvetica, sans-serif; font-size: 12pt;\">Embala\u017ea: 3 krmilniki + kalup<\/span><\/p>\n","protected":false},"featured_media":10738,"comment_status":"open","ping_status":"closed","template":"","meta":{"spay_email":""},"product_cat":[59],"product_tag":[],"_links":{"self":[{"href":"https:\/\/www.kormoran.si\/kormoranw\/index.php?rest_route=\/wp\/v2\/product\/10737"}],"collection":[{"href":"https:\/\/www.kormoran.si\/kormoranw\/index.php?rest_route=\/wp\/v2\/product"}],"about":[{"href":"https:\/\/www.kormoran.si\/kormoranw\/index.php?rest_route=\/wp\/v2\/types\/product"}],"replies":[{"embeddable":true,"href":"https:\/\/www.kormoran.si\/kormoranw\/index.php?rest_route=%2Fwp%2Fv2%2Fcomments&post=10737"}],"wp:featuredmedia":[{"embeddable":true,"href":"https:\/\/www.kormoran.si\/kormoranw\/index.php?rest_route=\/wp\/v2\/media\/10738"}],"wp:attachment":[{"href":"https:\/\/www.kormoran.si\/kormoranw\/index.php?rest_route=%2Fwp%2Fv2%2Fmedia&parent=10737"}],"wp:term":[{"taxonomy":"product_cat","embeddable":true,"href":"https:\/\/www.kormoran.si\/kormoranw\/index.php?rest_route=%2Fwp%2Fv2%2Fproduct_cat&post=10737"},{"taxonomy":"product_tag","embeddable":true,"href":"https:\/\/www.kormoran.si\/kormoranw\/index.php?rest_route=%2Fwp%2Fv2%2Fproduct_tag&post=10737"}],"curies":[{"name":"wp","href":"https:\/\/api.w.org\/{rel}","templated":true}]}}