{"id":10804,"date":"2026-03-26T09:46:38","date_gmt":"2026-03-26T09:46:38","guid":{"rendered":"https:\/\/www.kormoran.si\/kormoranw\/?post_type=product&#038;p=10804"},"modified":"2026-03-26T12:39:20","modified_gmt":"2026-03-26T12:39:20","slug":"navezani-trnki-excalibur-bream-maggot","status":"publish","type":"product","link":"https:\/\/www.kormoran.si\/kormoranw\/?product=navezani-trnki-excalibur-bream-maggot","title":{"rendered":"Navezani trnki EXCALIBUR BREAM MAGGOT"},"content":{"rendered":"<p data-start=\"0\" data-end=\"59\"><span style=\"font-family: arial, helvetica, sans-serif; font-size: 12pt;\"><strong data-start=\"0\" data-end=\"59\">EXCALIBUR BREAM MAGGOT \u2013 navezani trnki za belo ribo<\/strong><\/span><\/p>\n<p data-start=\"61\" data-end=\"306\"><span style=\"font-family: arial, helvetica, sans-serif; font-size: 12pt;\">Navezani trnki EXCALIBUR BREAM MAGGOT so zasnovani posebej za uspe\u0161en lov plo\u0161\u010di\u010da (breama) in drugih belih rib. Odlikuje jih izjemno oster trnek, vezan na kakovostno in vzdr\u017eljivo vrvico, kar zagotavlja zanesljiv prijem in manj izgubljenih rib. Z navezanimi trnki boste vedno pripravljeni na uspe\u0161en ribolov brez zamudnega vezanja.<\/span><\/p>\n<p data-start=\"308\" data-end=\"550\"><span style=\"font-family: arial, helvetica, sans-serif; font-size: 12pt;\">Trnek je optimiziran za uporabo z vabo, kot so \u010drvi (maggot), saj omogo\u010da naravno predstavitev vabe v vodi. Zaradi natan\u010dno izbranega razmerja med velikostjo trnka in debelino naveze je primeren tako za rekreativne kot tudi tekmovalne ribi\u010de.<\/span><\/p>\n<p>&nbsp;<\/p>\n","protected":false},"excerpt":{"rendered":"<ul>\n<li style=\"text-align: left;\" data-section-id=\"fri1mf\" data-start=\"574\" data-end=\"613\"><span style=\"font-family: arial, helvetica, sans-serif; font-size: 12pt;\">Velikost: \u0161t. 8<\/span><\/li>\n<li style=\"text-align: left;\" data-section-id=\"fri1mf\" data-start=\"574\" data-end=\"613\"><span style=\"font-family: arial, helvetica, sans-serif; font-size: 12pt;\">Izjemno ostri trnki\u00a0<\/span><\/li>\n<li style=\"text-align: left;\" data-section-id=\"1hbf0ut\" data-start=\"614\" data-end=\"650\"><span style=\"font-family: arial, helvetica, sans-serif; font-size: 12pt;\">Kakovostna, \u017ee pripravljena naveza<\/span><\/li>\n<li style=\"text-align: left;\" data-section-id=\"1ltv9pr\" data-start=\"651\" data-end=\"696\"><span style=\"font-family: arial, helvetica, sans-serif; font-size: 12pt;\">Idealni za lov plo\u0161\u010di\u010da in drugih belih rib<\/span><\/li>\n<li style=\"text-align: left;\" data-section-id=\"kue9mz\" data-start=\"697\" data-end=\"740\"><span style=\"font-family: arial, helvetica, sans-serif; font-size: 12pt;\">Popolni za uporabo z \u017eivimi vabami (\u010drvi)<\/span><\/li>\n<li style=\"text-align: left;\" data-section-id=\"y0etp3\" data-start=\"741\" data-end=\"793\"><span style=\"font-family: arial, helvetica, sans-serif; font-size: 12pt;\">Prihranek \u010dasa \u2013 pripravljeno za takoj\u0161njo uporabo<\/span><\/li>\n<\/ul>\n","protected":false},"featured_media":10805,"comment_status":"open","ping_status":"closed","template":"","meta":{"spay_email":""},"product_cat":[55],"product_tag":[],"_links":{"self":[{"href":"https:\/\/www.kormoran.si\/kormoranw\/index.php?rest_route=\/wp\/v2\/product\/10804"}],"collection":[{"href":"https:\/\/www.kormoran.si\/kormoranw\/index.php?rest_route=\/wp\/v2\/product"}],"about":[{"href":"https:\/\/www.kormoran.si\/kormoranw\/index.php?rest_route=\/wp\/v2\/types\/product"}],"replies":[{"embeddable":true,"href":"https:\/\/www.kormoran.si\/kormoranw\/index.php?rest_route=%2Fwp%2Fv2%2Fcomments&post=10804"}],"wp:featuredmedia":[{"embeddable":true,"href":"https:\/\/www.kormoran.si\/kormoranw\/index.php?rest_route=\/wp\/v2\/media\/10805"}],"wp:attachment":[{"href":"https:\/\/www.kormoran.si\/kormoranw\/index.php?rest_route=%2Fwp%2Fv2%2Fmedia&parent=10804"}],"wp:term":[{"taxonomy":"product_cat","embeddable":true,"href":"https:\/\/www.kormoran.si\/kormoranw\/index.php?rest_route=%2Fwp%2Fv2%2Fproduct_cat&post=10804"},{"taxonomy":"product_tag","embeddable":true,"href":"https:\/\/www.kormoran.si\/kormoranw\/index.php?rest_route=%2Fwp%2Fv2%2Fproduct_tag&post=10804"}],"curies":[{"name":"wp","href":"https:\/\/api.w.org\/{rel}","templated":true}]}}