{"id":10938,"date":"2026-04-23T15:58:09","date_gmt":"2026-04-23T13:58:09","guid":{"rendered":"https:\/\/www.kormoran.si\/kormoranw\/?post_type=product&#038;p=10938"},"modified":"2026-04-23T16:16:53","modified_gmt":"2026-04-23T14:16:53","slug":"polarizirana-soncna-ocala-mikado","status":"publish","type":"product","link":"https:\/\/www.kormoran.si\/kormoranw\/?product=polarizirana-soncna-ocala-mikado","title":{"rendered":"Polarizirana son\u010dna o\u010dala MIKADO"},"content":{"rendered":"<p><span style=\"font-family: arial, helvetica, sans-serif; font-size: 12pt;\">Polarizirana son\u010dna o\u010dala z rjavimi le\u010dami, ki bodo odli\u010dno delovala v vseh pogojih in zagotavljala ravno prav\u0161njo mero za\u0161\u010dite za va\u0161e o\u010di. Uporaba skrbno profiliranih u\u0161esnih nastavkov zagotavlja varno uporabo tudi pri nenadnih premikih glave.<\/span><\/p>\n<h3 data-section-id=\"1ogi10t\" data-start=\"793\" data-end=\"822\"><span style=\"font-family: arial, helvetica, sans-serif; font-size: 12pt;\">Prednosti pri uporabi:<\/span><\/h3>\n<ul data-start=\"823\" data-end=\"982\">\n<li data-section-id=\"1tllgzx\" data-start=\"823\" data-end=\"874\"><span style=\"font-family: arial, helvetica, sans-serif; font-size: 12pt;\">omogo\u010dajo la\u017eje opazovanje rib in strukture dna<\/span><\/li>\n<li data-section-id=\"1ag19j3\" data-start=\"875\" data-end=\"924\"><span style=\"font-family: arial, helvetica, sans-serif; font-size: 12pt;\">zmanj\u0161ujejo utrujenost o\u010di pri mo\u010dni svetlobi<\/span><\/li>\n<li data-section-id=\"ajv0dg\" data-start=\"925\" data-end=\"982\"><span style=\"font-family: arial, helvetica, sans-serif; font-size: 12pt;\">izbolj\u0161ajo varnost in udobje pri aktivnostih na soncu<\/span><\/li>\n<\/ul>\n<h3 data-section-id=\"1ht35bl\" data-start=\"984\" data-end=\"1009\"><span style=\"font-family: arial, helvetica, sans-serif; font-size: 12pt;\">Komu so namenjena:<\/span><\/h3>\n<ul data-start=\"1010\" data-end=\"1130\">\n<li data-section-id=\"1wsveu5\" data-start=\"1010\" data-end=\"1053\"><span style=\"font-family: arial, helvetica, sans-serif; font-size: 12pt;\">ribi\u010dem (sladkovodni in morski ribolov)<\/span><\/li>\n<li data-section-id=\"1gojh6c\" data-start=\"1054\" data-end=\"1080\"><span style=\"font-family: arial, helvetica, sans-serif; font-size: 12pt;\">voznikom in \u0161portnikom<\/span><\/li>\n<li data-section-id=\"1djr050\" data-start=\"1081\" data-end=\"1130\"><span style=\"font-family: arial, helvetica, sans-serif; font-size: 12pt;\">vsem, ki \u017eelijo bolj\u0161i vid v son\u010dnih razmerah<\/span><\/li>\n<\/ul>\n","protected":false},"excerpt":{"rendered":"<p>&nbsp;<\/p>\n<ul>\n<li data-section-id=\"u8lq87\" data-start=\"219\" data-end=\"411\"><span style=\"font-family: arial, helvetica, sans-serif; font-size: 12pt;\"><strong data-start=\"221\" data-end=\"244\">Polarizirana stekla<\/strong> \u2013 u\u010dinkovito odpravljajo ble\u0161\u010danje, ki nastaja zaradi odboja svetlobe od vodne povr\u0161ine, kar omogo\u010da bolj\u0161i pogled pod gladino<\/span><\/li>\n<li data-section-id=\"nm3jl1\" data-start=\"412\" data-end=\"516\"><span style=\"font-family: arial, helvetica, sans-serif; font-size: 12pt;\"><strong data-start=\"414\" data-end=\"428\">UV za\u0161\u010dita<\/strong> \u2013 \u0161\u010ditijo o\u010di pred \u0161kodljivimi UVA in UVB \u017earki<\/span><\/li>\n<li data-section-id=\"bfz37z\" data-start=\"517\" data-end=\"640\"><span style=\"font-family: arial, helvetica, sans-serif; font-size: 12pt;\"><strong data-start=\"519\" data-end=\"539\">Pove\u010dan kontrast<\/strong> \u2013 izbolj\u0161ana jasnost slike in bolj\u0161a zaznava detajlov v vodi<\/span><\/li>\n<li data-section-id=\"z518ey\" data-start=\"641\" data-end=\"707\"><span style=\"font-family: arial, helvetica, sans-serif; font-size: 12pt;\"><strong data-start=\"643\" data-end=\"671\">Lahkoten in udoben okvir<\/strong> \u2013 primeren za dolgotrajno no\u0161enje<\/span><\/li>\n<li data-section-id=\"13bu9ov\" data-start=\"708\" data-end=\"791\"><span style=\"font-family: arial, helvetica, sans-serif; font-size: 12pt;\"><strong data-start=\"710\" data-end=\"736\">\u0160portno-moderen dizajn<\/strong> \u2013 primeren za ribolov, vo\u017enjo in vsakodnevno uporabo<\/span><\/li>\n<\/ul>\n","protected":false},"featured_media":10939,"comment_status":"open","ping_status":"closed","template":"","meta":{"spay_email":""},"product_cat":[111],"product_tag":[],"_links":{"self":[{"href":"https:\/\/www.kormoran.si\/kormoranw\/index.php?rest_route=\/wp\/v2\/product\/10938"}],"collection":[{"href":"https:\/\/www.kormoran.si\/kormoranw\/index.php?rest_route=\/wp\/v2\/product"}],"about":[{"href":"https:\/\/www.kormoran.si\/kormoranw\/index.php?rest_route=\/wp\/v2\/types\/product"}],"replies":[{"embeddable":true,"href":"https:\/\/www.kormoran.si\/kormoranw\/index.php?rest_route=%2Fwp%2Fv2%2Fcomments&post=10938"}],"wp:featuredmedia":[{"embeddable":true,"href":"https:\/\/www.kormoran.si\/kormoranw\/index.php?rest_route=\/wp\/v2\/media\/10939"}],"wp:attachment":[{"href":"https:\/\/www.kormoran.si\/kormoranw\/index.php?rest_route=%2Fwp%2Fv2%2Fmedia&parent=10938"}],"wp:term":[{"taxonomy":"product_cat","embeddable":true,"href":"https:\/\/www.kormoran.si\/kormoranw\/index.php?rest_route=%2Fwp%2Fv2%2Fproduct_cat&post=10938"},{"taxonomy":"product_tag","embeddable":true,"href":"https:\/\/www.kormoran.si\/kormoranw\/index.php?rest_route=%2Fwp%2Fv2%2Fproduct_tag&post=10938"}],"curies":[{"name":"wp","href":"https:\/\/api.w.org\/{rel}","templated":true}]}}