{"id":4679,"date":"2022-02-09T19:30:03","date_gmt":"2022-02-09T19:30:03","guid":{"rendered":"http:\/\/www.kormoran.si\/kormoranw\/?post_type=product&#038;p=4679"},"modified":"2026-02-19T13:20:10","modified_gmt":"2026-02-19T13:20:10","slug":"flexi-povodec-5m","status":"publish","type":"product","link":"https:\/\/www.kormoran.si\/kormoranw\/?product=flexi-povodec-5m","title":{"rendered":"Flexi povodec 5m &#8211; vrvica"},"content":{"rendered":"<p>Naj bo to kratek ali dalj\u0161i pohod: s prakti\u010dnimi povodci flexi\u00ae postane vsak sprehod spro\u0161\u010dujo\u010d u\u017eitek. Seveda vsi modeli flexi\u00ae fun kolekcije navdu\u0161ijo z obi\u010dajno visoko flexi\u00ae kakovostjo, ki daje vsakemu lastniku psa varen ob\u010dutek, ko svojega \u0161tirino\u017eca pelje na sprehod. Patentirani zavorni in povratni sistem daje va\u0161emu dragemu nadzorovano svobodo gibanja v vsakem trenutku, kljub povodcu.<\/p>\n<p>Povodec z vrvjo v velikosti S in M<\/p>\n<ul style=\"list-style-type: disc;\">\n<li>velikost S do 12 kg<\/li>\n<li>velikost M do 20kg<\/li>\n<\/ul>\n<p>S kromiranim karabinom<br \/>\nBarva: \u010drna, modra ali rde\u010da (dostava glede na razpolo\u017eljivost)<br \/>\nDol\u017eina prostega teka do 5 m<br \/>\nIzdelano v Nem\u010diji<\/p>\n","protected":false},"excerpt":{"rendered":"<p>Naj bo to kratek ali dalj\u0161i pohod: s prakti\u010dnimi povodci flexi\u00ae postane vsak sprehod spro\u0161\u010dujo\u010d u\u017eitek. Seveda vsi modeli flexi\u00ae fun kolekcije navdu\u0161ijo z obi\u010dajno visoko flexi\u00ae kakovostjo, ki daje vsakemu lastniku psa varen ob\u010dutek, ko svojega \u0161tirino\u017eca pelje na sprehod. Patentirani zavorni in povratni sistem daje va\u0161emu dragemu nadzorovano svobodo gibanja v vsakem trenutku,[&#8230;]<\/p>\n","protected":false},"featured_media":4678,"comment_status":"open","ping_status":"closed","template":"","meta":{"spay_email":""},"product_cat":[81],"product_tag":[],"_links":{"self":[{"href":"https:\/\/www.kormoran.si\/kormoranw\/index.php?rest_route=\/wp\/v2\/product\/4679"}],"collection":[{"href":"https:\/\/www.kormoran.si\/kormoranw\/index.php?rest_route=\/wp\/v2\/product"}],"about":[{"href":"https:\/\/www.kormoran.si\/kormoranw\/index.php?rest_route=\/wp\/v2\/types\/product"}],"replies":[{"embeddable":true,"href":"https:\/\/www.kormoran.si\/kormoranw\/index.php?rest_route=%2Fwp%2Fv2%2Fcomments&post=4679"}],"wp:featuredmedia":[{"embeddable":true,"href":"https:\/\/www.kormoran.si\/kormoranw\/index.php?rest_route=\/wp\/v2\/media\/4678"}],"wp:attachment":[{"href":"https:\/\/www.kormoran.si\/kormoranw\/index.php?rest_route=%2Fwp%2Fv2%2Fmedia&parent=4679"}],"wp:term":[{"taxonomy":"product_cat","embeddable":true,"href":"https:\/\/www.kormoran.si\/kormoranw\/index.php?rest_route=%2Fwp%2Fv2%2Fproduct_cat&post=4679"},{"taxonomy":"product_tag","embeddable":true,"href":"https:\/\/www.kormoran.si\/kormoranw\/index.php?rest_route=%2Fwp%2Fv2%2Fproduct_tag&post=4679"}],"curies":[{"name":"wp","href":"https:\/\/api.w.org\/{rel}","templated":true}]}}