{"id":4920,"date":"2022-02-14T14:22:20","date_gmt":"2022-02-14T14:22:20","guid":{"rendered":"http:\/\/www.kormoran.si\/kormoranw\/?post_type=product&#038;p=4920"},"modified":"2022-02-14T14:23:53","modified_gmt":"2022-02-14T14:23:53","slug":"zlozljiva-posoda-za-psa","status":"publish","type":"product","link":"https:\/\/www.kormoran.si\/kormoranw\/?product=zlozljiva-posoda-za-psa","title":{"rendered":"Zlo\u017eljiva posoda za psa"},"content":{"rendered":"<p>Ta barvita potovalna posoda iz trpe\u017enega silikona je idealna za hranjenje la\u010dnih in \u017eejnih \u0161tirino\u017enih prijateljev na poti. \u0160e posebej prakti\u010dna in primerna za potovanja in sprehode.<\/p>\n<p>Posoda je primerna tako za vodo kot za hrano in jo lahko enostavno pomivate v pomivalnem stroju. Po uporabi ga preprosto zlo\u017eite nazaj.<\/p>\n<ul>\n<li>Silikonska posoda za vodo\/hrano<\/li>\n<li>Prakti\u010dno in prostorsko var\u010dno<\/li>\n<li>Kapaciteta: 1 l<\/li>\n<li>Preprosto zlo\u017eljiv<\/li>\n<li>Enostavno \u010di\u0161\u010denje, primerno za pranje v pomivalnem stroju<\/li>\n<\/ul>\n","protected":false},"excerpt":{"rendered":"<p>Barvita potovalna posoda iz trpe\u017enega silikona je idealna za hranjenje la\u010dnih in \u017eejnih \u0161tirino\u017enih prijateljev na poti.<\/p>\n","protected":false},"featured_media":4921,"comment_status":"open","ping_status":"closed","template":"","meta":{"spay_email":""},"product_cat":[84],"product_tag":[],"_links":{"self":[{"href":"https:\/\/www.kormoran.si\/kormoranw\/index.php?rest_route=\/wp\/v2\/product\/4920"}],"collection":[{"href":"https:\/\/www.kormoran.si\/kormoranw\/index.php?rest_route=\/wp\/v2\/product"}],"about":[{"href":"https:\/\/www.kormoran.si\/kormoranw\/index.php?rest_route=\/wp\/v2\/types\/product"}],"replies":[{"embeddable":true,"href":"https:\/\/www.kormoran.si\/kormoranw\/index.php?rest_route=%2Fwp%2Fv2%2Fcomments&post=4920"}],"wp:featuredmedia":[{"embeddable":true,"href":"https:\/\/www.kormoran.si\/kormoranw\/index.php?rest_route=\/wp\/v2\/media\/4921"}],"wp:attachment":[{"href":"https:\/\/www.kormoran.si\/kormoranw\/index.php?rest_route=%2Fwp%2Fv2%2Fmedia&parent=4920"}],"wp:term":[{"taxonomy":"product_cat","embeddable":true,"href":"https:\/\/www.kormoran.si\/kormoranw\/index.php?rest_route=%2Fwp%2Fv2%2Fproduct_cat&post=4920"},{"taxonomy":"product_tag","embeddable":true,"href":"https:\/\/www.kormoran.si\/kormoranw\/index.php?rest_route=%2Fwp%2Fv2%2Fproduct_tag&post=4920"}],"curies":[{"name":"wp","href":"https:\/\/api.w.org\/{rel}","templated":true}]}}