{"id":5342,"date":"2022-02-24T09:04:32","date_gmt":"2022-02-24T09:04:32","guid":{"rendered":"http:\/\/www.kormoran.si\/kormoranw\/?post_type=product&#038;p=5342"},"modified":"2022-02-24T09:04:32","modified_gmt":"2022-02-24T09:04:32","slug":"mapa-za-navezane-trnke","status":"publish","type":"product","link":"https:\/\/www.kormoran.si\/kormoranw\/?product=mapa-za-navezane-trnke","title":{"rendered":"Mapa za navezane trnke"},"content":{"rendered":"<p>Mapa je sestavljena iz \u0161tirih lo\u010denih sten na katere lahko zahakljamo trnke in jih po dol\u017eini razporedimo na mehko gobo. Je zelo priro\u010dna in uporabljena ve\u010dina pri profesionalnih ribi\u010dih. <\/p>\n","protected":false},"excerpt":{"rendered":"<p>&#8211; priro\u010dna<br \/>\n&#8211; 4 lo\u010dene stene za trnke<br \/>\n&#8211; za vse dol\u017eine<\/p>\n","protected":false},"featured_media":5343,"comment_status":"open","ping_status":"closed","template":"","meta":{"spay_email":""},"product_cat":[58],"product_tag":[],"_links":{"self":[{"href":"https:\/\/www.kormoran.si\/kormoranw\/index.php?rest_route=\/wp\/v2\/product\/5342"}],"collection":[{"href":"https:\/\/www.kormoran.si\/kormoranw\/index.php?rest_route=\/wp\/v2\/product"}],"about":[{"href":"https:\/\/www.kormoran.si\/kormoranw\/index.php?rest_route=\/wp\/v2\/types\/product"}],"replies":[{"embeddable":true,"href":"https:\/\/www.kormoran.si\/kormoranw\/index.php?rest_route=%2Fwp%2Fv2%2Fcomments&post=5342"}],"wp:featuredmedia":[{"embeddable":true,"href":"https:\/\/www.kormoran.si\/kormoranw\/index.php?rest_route=\/wp\/v2\/media\/5343"}],"wp:attachment":[{"href":"https:\/\/www.kormoran.si\/kormoranw\/index.php?rest_route=%2Fwp%2Fv2%2Fmedia&parent=5342"}],"wp:term":[{"taxonomy":"product_cat","embeddable":true,"href":"https:\/\/www.kormoran.si\/kormoranw\/index.php?rest_route=%2Fwp%2Fv2%2Fproduct_cat&post=5342"},{"taxonomy":"product_tag","embeddable":true,"href":"https:\/\/www.kormoran.si\/kormoranw\/index.php?rest_route=%2Fwp%2Fv2%2Fproduct_tag&post=5342"}],"curies":[{"name":"wp","href":"https:\/\/api.w.org\/{rel}","templated":true}]}}