{"id":5719,"date":"2022-03-04T17:30:10","date_gmt":"2022-03-04T17:30:10","guid":{"rendered":"http:\/\/www.kormoran.si\/kormoranw\/?post_type=product&#038;p=5719"},"modified":"2026-01-10T08:30:22","modified_gmt":"2026-01-10T08:30:22","slug":"francoski-mec","status":"publish","type":"product","link":"https:\/\/www.kormoran.si\/kormoranw\/?product=francoski-mec","title":{"rendered":"Francoski me\u010d"},"content":{"rendered":"<p>Francoski me\u010d z usnjenim gripom. Originalna replika, dol\u017eina rezila: 75 cm, skupna dol\u017eina: 90 cm.<\/p>\n<p>Zbirateljski ali samo za navdu\u0161ence, oziroma za dekoracijo.<\/p>\n","protected":false},"excerpt":{"rendered":"<p>Francoski me\u010d z usnjenim gripom.<\/p>\n<p>Originalna replika:<\/p>\n<ul style=\"list-style-type: disc;\">\n<li>Do\u017eina rezila: 75 cm<\/li>\n<li>Skupna dol\u017eina: 90 cm<\/li>\n<\/ul>\n","protected":false},"featured_media":5720,"comment_status":"open","ping_status":"closed","template":"","meta":{"spay_email":""},"product_cat":[35],"product_tag":[],"_links":{"self":[{"href":"https:\/\/www.kormoran.si\/kormoranw\/index.php?rest_route=\/wp\/v2\/product\/5719"}],"collection":[{"href":"https:\/\/www.kormoran.si\/kormoranw\/index.php?rest_route=\/wp\/v2\/product"}],"about":[{"href":"https:\/\/www.kormoran.si\/kormoranw\/index.php?rest_route=\/wp\/v2\/types\/product"}],"replies":[{"embeddable":true,"href":"https:\/\/www.kormoran.si\/kormoranw\/index.php?rest_route=%2Fwp%2Fv2%2Fcomments&post=5719"}],"wp:featuredmedia":[{"embeddable":true,"href":"https:\/\/www.kormoran.si\/kormoranw\/index.php?rest_route=\/wp\/v2\/media\/5720"}],"wp:attachment":[{"href":"https:\/\/www.kormoran.si\/kormoranw\/index.php?rest_route=%2Fwp%2Fv2%2Fmedia&parent=5719"}],"wp:term":[{"taxonomy":"product_cat","embeddable":true,"href":"https:\/\/www.kormoran.si\/kormoranw\/index.php?rest_route=%2Fwp%2Fv2%2Fproduct_cat&post=5719"},{"taxonomy":"product_tag","embeddable":true,"href":"https:\/\/www.kormoran.si\/kormoranw\/index.php?rest_route=%2Fwp%2Fv2%2Fproduct_tag&post=5719"}],"curies":[{"name":"wp","href":"https:\/\/api.w.org\/{rel}","templated":true}]}}