{"id":8248,"date":"2024-11-06T13:46:23","date_gmt":"2024-11-06T13:46:23","guid":{"rendered":"https:\/\/www.kormoran.si\/kormoranw\/?post_type=product&#038;p=8248"},"modified":"2025-10-16T09:55:12","modified_gmt":"2025-10-16T09:55:12","slug":"boilies-demon-squid-peach-black-pepper","status":"publish","type":"product","link":"https:\/\/www.kormoran.si\/kormoranw\/?product=boilies-demon-squid-peach-black-pepper","title":{"rendered":"Boilies DEMON SQUID PEACH BLACK PEPPER"},"content":{"rendered":"<p>Ena od posebnosti serije &#8220;SQUID DEMON&#8221; je v tem, da smo za osnovo namesto ribje moke kot je pri izdelavi boilijev obi\u010dajno uporabili lignjevo moko, to \u017ee v osnovi daje izrazit vonj in okus. Odli\u010dni osnovi smo dodali kombinacijo arom, ki so se izkazale kot zelo uspe\u0161ne in tako dobili izredno lovno vabo. Tudi ta serija boilijev se izdeluje iz sve\u017eih jajc, s parjenjem in NE kuhanjem. Na ta na\u010din boiliju ohranimo visoko vsebnost beljakovin, proteinov, vitaminov, arom in mineralov. Zahvaljujo\u010d iz leta v leto rasto\u010di izbiri na\u0161ega asortimaja, smo vedno en korak pred krapi, da prijem ne bi bil vpra\u0161ljiv!<\/p>\n","protected":false},"excerpt":{"rendered":"<p>Vsebina : 1kg<br \/>\nOkus : Ligenj &#8211; breskev, \u010drni poper<br \/>\nBarva : Rde\u010da<br \/>\nDimenzije : 20mm<\/p>\n","protected":false},"featured_media":8249,"comment_status":"open","ping_status":"closed","template":"","meta":{"spay_email":""},"product_cat":[117,36],"product_tag":[],"_links":{"self":[{"href":"https:\/\/www.kormoran.si\/kormoranw\/index.php?rest_route=\/wp\/v2\/product\/8248"}],"collection":[{"href":"https:\/\/www.kormoran.si\/kormoranw\/index.php?rest_route=\/wp\/v2\/product"}],"about":[{"href":"https:\/\/www.kormoran.si\/kormoranw\/index.php?rest_route=\/wp\/v2\/types\/product"}],"replies":[{"embeddable":true,"href":"https:\/\/www.kormoran.si\/kormoranw\/index.php?rest_route=%2Fwp%2Fv2%2Fcomments&post=8248"}],"wp:featuredmedia":[{"embeddable":true,"href":"https:\/\/www.kormoran.si\/kormoranw\/index.php?rest_route=\/wp\/v2\/media\/8249"}],"wp:attachment":[{"href":"https:\/\/www.kormoran.si\/kormoranw\/index.php?rest_route=%2Fwp%2Fv2%2Fmedia&parent=8248"}],"wp:term":[{"taxonomy":"product_cat","embeddable":true,"href":"https:\/\/www.kormoran.si\/kormoranw\/index.php?rest_route=%2Fwp%2Fv2%2Fproduct_cat&post=8248"},{"taxonomy":"product_tag","embeddable":true,"href":"https:\/\/www.kormoran.si\/kormoranw\/index.php?rest_route=%2Fwp%2Fv2%2Fproduct_tag&post=8248"}],"curies":[{"name":"wp","href":"https:\/\/api.w.org\/{rel}","templated":true}]}}