{"id":8867,"date":"2025-02-19T14:04:32","date_gmt":"2025-02-19T14:04:32","guid":{"rendered":"https:\/\/www.kormoran.si\/kormoranw\/?post_type=product&#038;p=8867"},"modified":"2026-01-26T15:21:08","modified_gmt":"2026-01-26T15:21:08","slug":"ribiska-torba-mikado-za-palice-175-cm","status":"publish","type":"product","link":"https:\/\/www.kormoran.si\/kormoranw\/?product=ribiska-torba-mikado-za-palice-175-cm","title":{"rendered":"Ribi\u0161ka torba Mikado za palice"},"content":{"rendered":"<p><span style=\"font-family: arial, helvetica, sans-serif; font-size: 12pt;\">Torba \u0161\u010diti va\u0161e palice pred po\u0161kodbami. Dodatni \u017eepi zagotavljajo prostor za va\u0161e dodatke. Izdelan iz trpe\u017enega in enostavnega materiala za \u010di\u0161\u010denje.<\/span><\/p>\n<ul style=\"list-style-type: disc;\">\n<li><span style=\"font-family: arial, helvetica, sans-serif; font-size: 12pt;\">Mikado vam nudi najbolj\u0161o za\u0161\u010dito za va\u0161e visokokakovostne match in feeder palice med transportom. Zahvaljujo\u010d integriranemu notranjemu ovoju iz PVC-ja, odpornega na udarce, so palice varne<\/span><\/li>\n<li><span style=\"font-family: arial, helvetica, sans-serif; font-size: 12pt;\">Opremljen z dvosmernimi zadrgami, lahko komore odpirate ali zapirate v obe smeri. V dodatnem stranskem predalu lahko shranite druge predmete, npr. podajalno roko, palico podvozne mre\u017ee<\/span><\/li>\n<li><span style=\"font-family: arial, helvetica, sans-serif; font-size: 12pt;\">Dol\u017eina: pribl. 1,35m, 1,50m, 1,75m, vgrajena notranja \u0161koljka iz PVC ro\u010daja, nastavljiv naramni pas za udobno no\u0161enje<\/span><\/li>\n<li><span style=\"font-family: arial, helvetica, sans-serif; font-size: 12pt;\">Nastavljive trakove prilagodite svoji vi\u0161ini in dr\u017ei, da se izognete nepotrebnemu drgnjenju ali po\u0161kodbam<\/span><\/li>\n<li><span style=\"font-family: arial, helvetica, sans-serif; font-size: 12pt;\">Te\u017eo torbe enakomerno porazdelite, da prepre\u010dite prekomerno obremenitev sklepov ali hrbtenice<\/span><\/li>\n<li><span style=\"font-family: arial, helvetica, sans-serif; font-size: 12pt;\">Material: nepremo\u010dljiv poliester, robustne dvosmerne zadrge z Mikado jezi\u010dki, hitro su\u0161enje<\/span><\/li>\n<\/ul>\n","protected":false},"excerpt":{"rendered":"<p><span style=\"font-family: arial, helvetica, sans-serif; font-size: 12pt;\">Dol\u017eina: 1,35m, 1,50m, 1,75m<\/span><\/p>\n<p><span style=\"font-family: arial, helvetica, sans-serif; font-size: 12pt;\">Material: poliester, PVC<\/span><\/p>\n","protected":false},"featured_media":8868,"comment_status":"open","ping_status":"closed","template":"","meta":{"spay_email":""},"product_cat":[109,36,58,61],"product_tag":[],"_links":{"self":[{"href":"https:\/\/www.kormoran.si\/kormoranw\/index.php?rest_route=\/wp\/v2\/product\/8867"}],"collection":[{"href":"https:\/\/www.kormoran.si\/kormoranw\/index.php?rest_route=\/wp\/v2\/product"}],"about":[{"href":"https:\/\/www.kormoran.si\/kormoranw\/index.php?rest_route=\/wp\/v2\/types\/product"}],"replies":[{"embeddable":true,"href":"https:\/\/www.kormoran.si\/kormoranw\/index.php?rest_route=%2Fwp%2Fv2%2Fcomments&post=8867"}],"wp:featuredmedia":[{"embeddable":true,"href":"https:\/\/www.kormoran.si\/kormoranw\/index.php?rest_route=\/wp\/v2\/media\/8868"}],"wp:attachment":[{"href":"https:\/\/www.kormoran.si\/kormoranw\/index.php?rest_route=%2Fwp%2Fv2%2Fmedia&parent=8867"}],"wp:term":[{"taxonomy":"product_cat","embeddable":true,"href":"https:\/\/www.kormoran.si\/kormoranw\/index.php?rest_route=%2Fwp%2Fv2%2Fproduct_cat&post=8867"},{"taxonomy":"product_tag","embeddable":true,"href":"https:\/\/www.kormoran.si\/kormoranw\/index.php?rest_route=%2Fwp%2Fv2%2Fproduct_tag&post=8867"}],"curies":[{"name":"wp","href":"https:\/\/api.w.org\/{rel}","templated":true}]}}