{"id":9635,"date":"2025-10-15T12:12:53","date_gmt":"2025-10-15T12:12:53","guid":{"rendered":"https:\/\/www.kormoran.si\/kormoranw\/?post_type=product&#038;p=9635"},"modified":"2025-11-12T13:00:22","modified_gmt":"2025-11-12T13:00:22","slug":"9635","status":"publish","type":"product","link":"https:\/\/www.kormoran.si\/kormoranw\/?product=9635","title":{"rendered":"Spinner Kamasaki Black Bird"},"content":{"rendered":"<p>Spiner Kamasaki Black Bird<\/p>\n<p>Zna\u010dilnosti: Dobro je znano, da se plenilske ribe \u2013 zlasti \u0161\u010duke \u2013 rade zadr\u017eujejo na obmo\u010djih, poraslih z rastlinjem.<\/p>\n<p>Nevidne znamenitosti, podrte veje dreves, potopljeni \u010dolni in podrti pomoli pogosto skrivajo velike \u0161\u010duke, hkrati pa prina\u0161ajo tudi mo\u017enost izgube umetne vabe.<\/p>\n<p>Izguba va\u0161ega najljub\u0161ega spinnerja ali voblerja ima lahko ne le \u010dustvene, temve\u010d tudi resne finan\u010dne posledice. Ko to popravite, lahko zdaj dobite svoj najljub\u0161i spinner po ugodni ceni.<\/p>\n<p>Dru\u017eina bliskavic Kamasaki je na voljo\u00a0 z najbolj privla\u010dnimi barvami.<\/p>\n<p>&#8211; Odli\u010dno vrte\u010da se lopatica tudi pri po\u010dasni vleki.<br \/>\n&#8211; Privla\u010dne, visokofrekven\u010dne vibracije.<br \/>\n&#8211; Kemi\u010dno bru\u0161en, 2x mo\u010dan troj\u010dek.<br \/>\n&#8211; Trpe\u017een, mo\u010dno o\u017ei\u010denje.<\/p>\n<ul style=\"list-style-type: disc;\">\n<li>1 \/ 3g<\/li>\n<li>2 \/ 6g<\/li>\n<li>3 \/ 8g<\/li>\n<li>4 \/ 10g<\/li>\n<\/ul>\n","protected":false},"excerpt":{"rendered":"<p>Spiner Kamasaki Black Bird Zna\u010dilnosti: Dobro je znano, da se plenilske ribe \u2013 zlasti \u0161\u010duke \u2013 rade zadr\u017eujejo na obmo\u010djih, poraslih z rastlinjem. Nevidne znamenitosti, podrte veje dreves, potopljeni \u010dolni in podrti pomoli pogosto skrivajo velike \u0161\u010duke, hkrati pa prina\u0161ajo tudi mo\u017enost izgube umetne vabe. Izguba va\u0161ega najljub\u0161ega spinnerja ali voblerja ima lahko ne le[&#8230;]<\/p>\n","protected":false},"featured_media":9636,"comment_status":"open","ping_status":"closed","template":"","meta":{"spay_email":""},"product_cat":[36,57],"product_tag":[],"_links":{"self":[{"href":"https:\/\/www.kormoran.si\/kormoranw\/index.php?rest_route=\/wp\/v2\/product\/9635"}],"collection":[{"href":"https:\/\/www.kormoran.si\/kormoranw\/index.php?rest_route=\/wp\/v2\/product"}],"about":[{"href":"https:\/\/www.kormoran.si\/kormoranw\/index.php?rest_route=\/wp\/v2\/types\/product"}],"replies":[{"embeddable":true,"href":"https:\/\/www.kormoran.si\/kormoranw\/index.php?rest_route=%2Fwp%2Fv2%2Fcomments&post=9635"}],"wp:featuredmedia":[{"embeddable":true,"href":"https:\/\/www.kormoran.si\/kormoranw\/index.php?rest_route=\/wp\/v2\/media\/9636"}],"wp:attachment":[{"href":"https:\/\/www.kormoran.si\/kormoranw\/index.php?rest_route=%2Fwp%2Fv2%2Fmedia&parent=9635"}],"wp:term":[{"taxonomy":"product_cat","embeddable":true,"href":"https:\/\/www.kormoran.si\/kormoranw\/index.php?rest_route=%2Fwp%2Fv2%2Fproduct_cat&post=9635"},{"taxonomy":"product_tag","embeddable":true,"href":"https:\/\/www.kormoran.si\/kormoranw\/index.php?rest_route=%2Fwp%2Fv2%2Fproduct_tag&post=9635"}],"curies":[{"name":"wp","href":"https:\/\/api.w.org\/{rel}","templated":true}]}}