{"id":9683,"date":"2025-10-22T09:04:41","date_gmt":"2025-10-22T09:04:41","guid":{"rendered":"https:\/\/www.kormoran.si\/kormoranw\/?post_type=product&#038;p=9683"},"modified":"2025-10-22T09:04:41","modified_gmt":"2025-10-22T09:04:41","slug":"naglavna-svetilka-outdoor-super-strong-headlamp","status":"publish","type":"product","link":"https:\/\/www.kormoran.si\/kormoranw\/?product=naglavna-svetilka-outdoor-super-strong-headlamp","title":{"rendered":"Naglavna svetilka &#8211;  OUTDOOR SUPER STRONG HEADLAMP"},"content":{"rendered":"<p><span style=\"font-family: arial, helvetica, sans-serif; font-size: 12pt;\"><span dir=\"auto\">Naglavna super mo\u010dna naglavna svetilka z DC adapterjem. je <\/span><span dir=\"auto\">priljubljena med no\u010dnimi ribi\u010di, saj je ta svetilka, opremljena z izjemno mo\u010dno svetlobo, izjemno enostavna za uporabo in hkrati popolnoma zadovolji vse potrebe.<\/span><\/span><\/p>\n<p><span dir=\"auto\" style=\"font-family: arial, helvetica, sans-serif; font-size: 12pt;\">Svetilko lahko vklopite na spodnji strani s pomo\u010djo rde\u010dega gumba, po odstranitvi modrega za\u0161\u010ditnega obro\u010da, izbirate pa lahko med dvema na\u010dinoma osvetlitve, enim obi\u010dajnim in enim var\u010dnim.<\/span><\/p>\n<p><span dir=\"auto\" style=\"font-family: arial, helvetica, sans-serif; font-size: 12pt;\">Naglavni trak, ki je prilo\u017een paketu, je udoben, saj ne stiska, vendar varno dr\u017eanje lahke svetilke zagotavlja odli\u010dno vidljivost tudi v najtemnej\u0161ih pogojih.<\/span><\/p>\n<p><span dir=\"auto\" style=\"font-family: arial, helvetica, sans-serif; font-size: 12pt;\">Naprava je pakirana v trdni plasti\u010dni \u0161katli, ki omogo\u010da varno shranjevanje.<\/span><\/p>\n<p><span dir=\"auto\" style=\"font-family: arial, helvetica, sans-serif; font-size: 12pt;\">\u0160katla vsebuje tudi stenski polnilnik, ki nam omogo\u010da polnjenje baterije na\u0161e svetilke med ribolovnimi izleti.<\/span><\/p>\n","protected":false},"excerpt":{"rendered":"<p>Naglavna super mo\u010dna naglavna svetilka z DC adapterjem. je priljubljena med no\u010dnimi ribi\u010di, saj je ta svetilka, opremljena z izjemno mo\u010dno svetlobo, izjemno enostavna za uporabo in hkrati popolnoma zadovolji vse potrebe. Svetilko lahko vklopite na spodnji strani s pomo\u010djo rde\u010dega gumba, po odstranitvi modrega za\u0161\u010ditnega obro\u010da, izbirate pa lahko med dvema na\u010dinoma osvetlitve, enim[&#8230;]<\/p>\n","protected":false},"featured_media":9684,"comment_status":"open","ping_status":"closed","template":"","meta":{"spay_email":""},"product_cat":[119],"product_tag":[],"_links":{"self":[{"href":"https:\/\/www.kormoran.si\/kormoranw\/index.php?rest_route=\/wp\/v2\/product\/9683"}],"collection":[{"href":"https:\/\/www.kormoran.si\/kormoranw\/index.php?rest_route=\/wp\/v2\/product"}],"about":[{"href":"https:\/\/www.kormoran.si\/kormoranw\/index.php?rest_route=\/wp\/v2\/types\/product"}],"replies":[{"embeddable":true,"href":"https:\/\/www.kormoran.si\/kormoranw\/index.php?rest_route=%2Fwp%2Fv2%2Fcomments&post=9683"}],"wp:featuredmedia":[{"embeddable":true,"href":"https:\/\/www.kormoran.si\/kormoranw\/index.php?rest_route=\/wp\/v2\/media\/9684"}],"wp:attachment":[{"href":"https:\/\/www.kormoran.si\/kormoranw\/index.php?rest_route=%2Fwp%2Fv2%2Fmedia&parent=9683"}],"wp:term":[{"taxonomy":"product_cat","embeddable":true,"href":"https:\/\/www.kormoran.si\/kormoranw\/index.php?rest_route=%2Fwp%2Fv2%2Fproduct_cat&post=9683"},{"taxonomy":"product_tag","embeddable":true,"href":"https:\/\/www.kormoran.si\/kormoranw\/index.php?rest_route=%2Fwp%2Fv2%2Fproduct_tag&post=9683"}],"curies":[{"name":"wp","href":"https:\/\/api.w.org\/{rel}","templated":true}]}}